rue
Is 338 a multiple of 10?
False
Does 87 divide 1044?
True
Is 3 a factor of 168?
True
Is 58 a factor of 70586?
True
Is 3 a factor of 4377?
True
Is 627 a multiple of 2?
False
Does 103 divide 1545?
True
Is 31824 a multiple of 208?
True
Is 218 a multiple of 24?
False
Does 2 divide 461?
False
Is 1170 a multiple of 45?
True
Is 5407 a multiple of 8?
False
Is 82 a factor of 1312?
True
Is 4732 a multiple of 14?
True
Does 19 divide 20235?
True
Does 20 divide 163?
False
Is 494 a multiple of 30?
False
Is 3003 a multiple of 13?
True
Is 563 a multiple of 10?
False
Is 326 a multiple of 4?
False
Is 13 a factor of 92521?
True
Does 26 divide 1352?
True
Does 3 divide 348?
True
Is 86 a factor of 37668?
True
Is 84 even?
True
Is 21 a factor of 126?
True
Does 28 divide 1276?
False
Is 70487 a multiple of 359?
False
Is 297 a multiple of 33?
True
Is 30 a factor of 112828?
False
Is 5815 a multiple of 166?
False
Is 3 a factor of 8927?
False
Is 16 a factor of 7888?
True
Is 23 a factor of 9752?
True
Is 15 a factor of 1320?
True
Does 4 divide 602?
False
Does 17 divide 472?
False
Is 99 a factor of 24255?
True
Is 41 a factor of 2460?
True
Is 7036 a multiple of 4?
True
Does 80 divide 74640?
True
Is 3720 a multiple of 30?
True
Does 3 divide 348?
True
Does 25 divide 1122?
False
Is 12 a factor of 131?
False
Is 10813 a multiple of 17?
False
Is 785 a multiple of 36?
False
Is 18 a factor of 20564?
False
Is 55661 a multiple of 71?
False
Is 7 a factor of 13503?
True
Is 79 a factor of 14652?
False
Does 43 divide 2021?
True
Is 768 a multiple of 32?
True
Is 134 a multiple of 6?
False
Is 103 a factor of 7622?
True
Does 6 divide 2096?
False
Is 542 a multiple of 13?
False
Is 3962 a multiple of 14?
True
Does 121 divide 10769?
True
Is 649 a multiple of 42?
False
Does 15 divide 1726?
False
Does 26 divide 3430?
False
Is 5 a factor of 2712?
False
Is 10 a factor of 1562?
False
Is 50 a factor of 38900?
True
Is 19886 a multiple of 163?
True
Is 5126 a multiple of 2?
True
Does 13 divide 18506?
False
Is 197 a multiple of 17?
False
Is 11 a factor of 29172?
True
Does 70 divide 3710?
True
Is 158 a multiple of 12?
False
Is 7 a factor of 1764?
True
Is 5 a factor of 5566?
False
Does 96 divide 16704?
True
Is 2480 a multiple of 10?
True
Is 14 a factor of 313?
False
Does 26 divide 910?
True
Is 61 a factor of 27010?
False
Is 19 a factor of 799?
False
Is 9 a factor of 1026?
True
Is 3816 a multiple of 36?
True
Is 495 a multiple of 11?
True
Does 94 divide 1880?
True
Does 45 divide 45?
True
Is 19 a factor of 7233?
False
Is 5 a factor of 58?
False
Is 32 a factor of 544?
True
Is 421 a multiple of 48?
False
Does 13 divide 2044?
False
Does 19 divide 893?
True
Is 7 a factor of 1169?
True
Does 46 divide 63856?
False
Is 13 a factor of 2320?
False
Is 86 a factor of 1548?
True
Is 1075 a multiple of 11?
False
Is 3814 a multiple of 19?
False
Is 27 a multiple of 9?
True
Does 8 divide 24?
True
Is 1519 a multiple of 49?
True
Is 1220 a multiple of 13?
False
Does 8 divide 1504?
True
Is 47 a factor of 3854?
True
Is 29881 a multiple of 162?
False
Is 4132 a multiple of 8?
False
Is 97 a factor of 4028?
False
Is 14 a factor of 2037?
False
Is 26079 a multiple of 79?
False
Is 1787 a multiple of 13?
False
Is 3813 a multiple of 41?
True
Does 32 divide 2432?
True
Is 111 a factor of 26374?
False
Is 7780 a multiple of 40?
False
Is 69148 a multiple of 118?
True
Is 230 a multiple of 5?
True
Is 145 a factor of 68730?
True
Does 40 divide 920?
True
Does 16 divide 22944?
True
Does 3 divide 249?
True
Is 2960 a multiple of 16?
True
Is 20 a factor of 320?
True
Does 2 divide 8842?
True
Is 224 a factor of 30464?
True
Does 505 divide 58928?
False
Is 1195 a multiple of 2?
False
Is 8 a factor of 720?
True
Does 21 divide 596?
False
Does 37 divide 888?
True
Does 124 divide 4340?
True
Is 61305 a multiple of 61?
True
Is 1404 a multiple of 18?
True
Is 25115 a multiple of 83?
False
Is 3562 a multiple of 9?
False
Is 290 a factor of 15370?
True
Does 19 divide 935?
False
Does 61 divide 2196?
True
Is 22 a factor of 4884?
True
Does 17 divide 1247?
False
Does 5 divide 150?
True
Is 39 a factor of 10608?
True
Does 13 divide 5941?
True
Is 39 a factor of 729?
False
Is 11 a factor of 4867?
False
Is 10 a factor of 6003?
False
Does 189 divide 8987?
False
Is 88320 a multiple of 20?
True
Does 54 divide 6232?
False
Is 11 a factor of 869?
True
Does 5 divide 479?
False
Does 83 divide 34209?
False
Is 49 a factor of 1911?
True
Does 69 divide 82111?
False
Is 5637 a multiple of 115?
False
Does 17 divide 4056?
False
Does 109 divide 2249?
False
Is 5 a multiple of 5?
True
Does 13 divide 9115?
False
Is 29156 a multiple of 74?
True
Does 35 divide 10470?
False
Is 1064 a multiple of 76?
True
Is 18154 a multiple of 14?
False
Does 6 divide 84?
True
Is 13 a multiple of 2?
False
Is 6 a factor of 4355?
False
Is 132 a factor of 54745?
False
Is 513 a multiple of 39?
False
Is 1976 a multiple of 31?
False
Does 2 divide 64?
True
Is 420 a multiple of 31?
False
Does 7 divide 41163?
False
Does 107 divide 1926?
True
Is 61 a multiple of 5?
False
Does 71 divide 30175?
True
Is 13 a factor of 5905?
False
Is 2249 a multiple of 10?
False
Does 70 divide 1226?
False
Is 688 a multiple of 8?
True
Does 16 divide 18286?
False
Does 104 divide 3021?
False
Does 5 divide 900?
True
Is 9 a factor of 27?
True
Is 16560 a multiple of 72?
True
Does 9 divide 1116?
True
Is 16473 a multiple of 289?
True
Does 26 divide 413?
False
Is 4508 a multiple of 161?
True
Is 5 a factor of 641?
False
Is 122 a multiple of 36?
False
Is 11186 a multiple of 34?
True
Is 10 a factor of 6860?
True
Is 5 a factor of 305?
True
Does 16 divide 1616?
True
Is 91 a factor of 1498?
False
Is 13 a factor of 12619?
False
Does 17 divide 2312?
True
Is 21420 a multiple of 90?
True
Is 184 a multiple of 23?
True
Does 5 divide 311?
False
Is 15 a factor of 215?
False
Is 59 a factor of 1053?
False
Does 21 divide 7022?
False
Is 15 a factor of 44660?
False
Is 132594 a multiple of 231?
True
Is 45094 a multiple of 65?
False
Is 179 a factor of 5151?
False
Is 1749 a multiple of 11?
True
Is 1183 a multiple of 15?
False
Does 106 divide 12987?
False
Is 39 a factor of 3510?
True
Is 30 a factor of 13639?
False
Is 413 a multiple of 7?
True
Is 22 a factor of 1375?
False
Does 14 divide 53886?
True
Does 11 divide 2194?
False
Does 88 divide 19976?
True
Is 976 a multiple of 16?
True
Is 13 a factor of 12059?
False
Is 35 a factor of 11846?
False
Does 11 divide 13479?
False
Is 42 a factor of 17808?
True
Is 10 a factor of 10200?
True
Is 10 a factor of 420?
True
Is 357 a multiple of 21?
True
Is 42 a factor of 5862?
False
Is 82 a factor of 17752?
False
Does 43 divide 2618?
False
Does 37 divide 1591?
True
Does 18 divide 14346?
True
Does 169 divide 9464?
True
Does 2 divide 17?
False
Is 8 a factor of 144?
True
Does 27 divide 208?
False
Is 7 a factor of 17275?
False
Does 38 divide 418?
True
Is 311 a factor of 69042?
True
Is 414 a factor of 65961?
False
Is 76 a factor of 1520?
True
Does 44 divide 10252?
True
Is 23222 a multiple of 74?
False
Is 10 a factor of 4747?
False
Does 15 divide 19165?
False
Is 11 a factor of 473?
True
Does 183 divide 7283?
False
Is 28566 a multiple of 54?
True
Is 51 a factor of 612?
True
Is 16002 a multiple of 127?
True
Is 38 a multiple of 38?
True
Is 5 a factor of 1178?
False
Does 9 divide 237?
False
Is 3854 a multiple of 2?
True
Is 10 a factor of 2748?
False
Is 16 a factor of 336?
True
Is 792 a multiple of 24?
True
Is 17480 a multiple of 268?
False
Is 11275 a multiple of 25?
True
Does 25 divide 385?
False
Does 3 divide 192?
True
Is 46 a factor of 34328?
False
Is 4 a factor of 446?
False
Is 17 a factor of 13307?
False
Is 12 a factor of 1559?
False
Is 15 a factor of 2699?
False
Is 16 a factor of 896?
True
Is 1162 a multiple of 14?
True
Does 87 divide 217?
False
Is 3618 a multiple of 6?
True
Is 115 a multiple of 3?
False
Is 16 a factor of 70?
False
Is 153 a factor of 2907?
True
Is 6384 a multiple of 82?
False
Is 39923 a multiple of 83?
True
Is 16 a factor of 2464?
True
Does 13 divide 36764?
True
Is 13 a factor of 8492?
False
Is 1029 a multiple of 49?
True
Is 849 a multiple of 10?
False
Does 29 divide 2989?
False
Is 25825 a multiple of 20?
False
Is 255 a multiple of 15?
True
Is 93 a multiple of 31?
True
Is 43 a factor of 989?
True
Does 8 divide 1440?
True
Is 51 a fa